{"id":89,"date":"2018-05-14T18:52:19","date_gmt":"2018-05-14T16:52:19","guid":{"rendered":"http:\/\/mieczyslaw.nieduszynski.pl\/?page_id=89"},"modified":"2020-08-11T02:13:26","modified_gmt":"2020-08-11T00:13:26","slug":"spoleczna","status":"publish","type":"page","link":"https:\/\/mieczyslaw.nieduszynski.pl\/?page_id=89","title":{"rendered":"Dzia\u0142alno\u015b\u0107 opozycyjna 1978 &#8211; 1989"},"content":{"rendered":"\r\n<p>Dzia\u0142alno\u015b\u0107\u00a0 polityczna <span style=\"font-size: 1rem;\">Profesora<\/span><span style=\"font-size: 1rem;\">, polegaj\u0105ca na tworzeniu i pracy w tworzonych partiach, organizacjach i stowarzyszeniach, stawiaj\u0105cych sobie za cel odzyskanie pe\u0142nej suwerenno\u015bci i niepodleg\u0142o\u015bci Pa\u0144stwa Polskiego.\u00a0<\/span><\/p>\r\n<p>Swoj\u0105 jawn\u0105 dzia\u0142alno\u015b\u0107 polityczn\u0105 w kontrze do panuj\u0105cego w Polsce ustroju polityczno &#8211; gospodarczego rozpocz\u0105\u0142 Profesor 1978 r, kieruj\u0105c list otwarty do Przewodnicz\u0105cego Rady Pa\u0144stwa PRL.<\/p>\r\n<p><strong>List otwarty do\u00a0\u00a0Przewodnicz\u0105cego Rady Pa\u0144stwa\u00a0Polskiej Rzeczpospolitej Ludowej\u00a0<\/strong><strong>Obywatela Prof. dr Henryk Jab\u0142o\u0144ski z 1978 r.<\/strong><\/p>\r\n<p>List otwarty do Henryka Jab\u0142o\u0144skiego jest \u015bwiadectwem odwa\u017cnej krytyki ustroju komunistycznego i opartej na nim gospodarki socjalistycznej z pozycji katolickiej i niepodleg\u0142o\u015bciowej. Jest przyk\u0142adem my\u015blenia o przysz\u0142o\u015bci Polski suwerennej a nie pr\u00f3b\u0105 poprawienia ustroju i budowania tzw. demokracji socjalistycznej z \u201eludzk\u0105 twarz\u0105\u201d czego przyk\u0142adem by\u0142y ruchy lewicowe tj. KOR.<\/p>\r\n<p><a href=\"wp-content\/uploads\/2018\/06\/List-otwarty-do-Jab\u0142o\u0144skiego-1978.pdf\">List otwarty do Henryka Jab\u0142o\u0144skiego z 1978 r. &#8211; pdf<\/a><\/p>\r\n<hr \/>\r\n<p>Prof. Mieczys\u0142aw Nieduszy\u0144ski od samego pocz\u0105tku, tj. 1978 roku bra\u0142 aktywny udzia\u0142 w organizowanych przez opozycyjny Ruch Obrony Praw Cz\u0142owieka i Obywatela (ROPCIO) w dniu 11 listopada nielegalnych obchodach \u015awi\u0119ta Niepodleg\u0142o\u015bci. Rozpoczyna\u0142y si\u0119 one zawsze o godz. 19 uroczyst\u0105 msz\u0105 \u015bwi\u0119t\u0105 celebrowan\u0105 w warszawskiej Archikatedrze \u015aw. Jana Chrzciciela, po czym uformowany kilkutysi\u0119czny poch\u00f3d przechodzi\u0142 przez Plac Zamkowy i Krakowskie Przedmie\u015bcie pod Gr\u00f3b Nieznanego \u017bo\u0142nierza na pl. Zwyci\u0119stwa. Tam sk\u0142adano wi\u0105zanki kwiat\u00f3w, wyg\u0142aszano okoliczno\u015bciowe przem\u00f3wienia i \u015bpiewano pie\u015bni patriotyczne i religijne. W latach 1978-79 i latach stanu wojennego 1981-83 obchody te by\u0142y brutalnie rozbijane przez MO i ZOMO, a ich organizatorzy i uczestnicy represjonowani.<\/p>\r\n<hr \/>\r\n<p><a href=\"http:\/\/mieczyslaw.nieduszynski.pl\/wp-content\/uploads\/2018\/06\/Pr-Rady-Min-Powo\u0142anie001.jpg\"><img fetchpriority=\"high\" decoding=\"async\" class=\"alignnone size-medium wp-image-816\" src=\"http:\/\/mieczyslaw.nieduszynski.pl\/wp-content\/uploads\/2018\/06\/Pr-Rady-Min-Powo\u0142anie001-212x300.jpg\" alt=\"\" width=\"212\" height=\"300\" srcset=\"https:\/\/mieczyslaw.nieduszynski.pl\/wp-content\/uploads\/2018\/06\/Pr-Rady-Min-Powo\u0142anie001-212x300.jpg 212w, https:\/\/mieczyslaw.nieduszynski.pl\/wp-content\/uploads\/2018\/06\/Pr-Rady-Min-Powo\u0142anie001-768x1089.jpg 768w, https:\/\/mieczyslaw.nieduszynski.pl\/wp-content\/uploads\/2018\/06\/Pr-Rady-Min-Powo\u0142anie001-722x1024.jpg 722w, https:\/\/mieczyslaw.nieduszynski.pl\/wp-content\/uploads\/2018\/06\/Pr-Rady-Min-Powo\u0142anie001.jpg 1626w\" sizes=\"(max-width: 212px) 100vw, 212px\" \/><\/a><\/p>\r\n<p><strong>Powo\u0142anie w sk\u0142ad Rady Ochrony Pami\u0119ci Walk i M\u0119cze\u0144stwa przez Prezesa Rady Ministr\u00f3w Tadeusza Mazowieckiego w 1990 r.<\/strong><\/p>\r\n","protected":false},"excerpt":{"rendered":"","protected":false},"author":2,"featured_media":0,"parent":0,"menu_order":3,"comment_status":"closed","ping_status":"closed","template":"","meta":{"_crdt_document":"","footnotes":""},"class_list":["post-89","page","type-page","status-publish","hentry"],"_links":{"self":[{"href":"https:\/\/mieczyslaw.nieduszynski.pl\/index.php?rest_route=\/wp\/v2\/pages\/89","targetHints":{"allow":["GET"]}}],"collection":[{"href":"https:\/\/mieczyslaw.nieduszynski.pl\/index.php?rest_route=\/wp\/v2\/pages"}],"about":[{"href":"https:\/\/mieczyslaw.nieduszynski.pl\/index.php?rest_route=\/wp\/v2\/types\/page"}],"author":[{"embeddable":true,"href":"https:\/\/mieczyslaw.nieduszynski.pl\/index.php?rest_route=\/wp\/v2\/users\/2"}],"replies":[{"embeddable":true,"href":"https:\/\/mieczyslaw.nieduszynski.pl\/index.php?rest_route=%2Fwp%2Fv2%2Fcomments&post=89"}],"version-history":[{"count":72,"href":"https:\/\/mieczyslaw.nieduszynski.pl\/index.php?rest_route=\/wp\/v2\/pages\/89\/revisions"}],"predecessor-version":[{"id":1309,"href":"https:\/\/mieczyslaw.nieduszynski.pl\/index.php?rest_route=\/wp\/v2\/pages\/89\/revisions\/1309"}],"wp:attachment":[{"href":"https:\/\/mieczyslaw.nieduszynski.pl\/index.php?rest_route=%2Fwp%2Fv2%2Fmedia&parent=89"}],"curies":[{"name":"wp","href":"https:\/\/api.w.org\/{rel}","templated":true}]}}

Działalność opozycyjna 1978 &#8211; 1989

<p>Działalność  polityczna <span style="font-size: 1rem;">Profesora</span><span style="font-size: 1rem;">, polegająca na tworzeniu i pracy w tworzonych partiach, organizacjach i stowarzyszeniach, stawiających sobie za cel odzyskanie pełnej suwerenności i niepodległości Państwa Polskiego. </span></p>
<p>Swoją jawną działalność polityczną w kontrze do panującego w Polsce ustroju polityczno &#8211; gospodarczego rozpoczął Profesor 1978 r, kierując list otwarty do Przewodniczącego Rady Państwa PRL.</p>
<p><strong>List otwarty do  Przewodniczącego Rady Państwa Polskiej Rzeczpospolitej Ludowej </strong><strong>Obywatela Prof. dr Henryk Jabłoński z 1978 r.</strong></p>
<p>List otwarty do Henryka Jabłońskiego jest świadectwem odważnej krytyki ustroju komunistycznego i opartej na nim gospodarki socjalistycznej z pozycji katolickiej i niepodległościowej. Jest przykładem myślenia o przyszłości Polski suwerennej a nie próbą poprawienia ustroju i budowania tzw. demokracji socjalistycznej z „ludzką twarzą” czego przykładem były ruchy lewicowe tj. KOR.</p>
<p><a href="wp-content/uploads/2018/06/List-otwarty-do-Jabłońskiego-1978.pdf">List otwarty do Henryka Jabłońskiego z 1978 r. &#8211; pdf</a></p>
<hr />
<p>Prof. Mieczysław Nieduszyński od samego początku, tj. 1978 roku brał aktywny udział w organizowanych przez opozycyjny Ruch Obrony Praw Człowieka i Obywatela (ROPCIO) w dniu 11 listopada nielegalnych obchodach Święta Niepodległości. Rozpoczynały się one zawsze o godz. 19 uroczystą mszą świętą celebrowaną w warszawskiej Archikatedrze Św. Jana Chrzciciela, po czym uformowany kilkutysięczny pochód przechodził przez Plac Zamkowy i Krakowskie Przedmieście pod Grób Nieznanego Żołnierza na pl. Zwycięstwa. Tam składano wiązanki kwiatów, wygłaszano okolicznościowe przemówienia i śpiewano pieśni patriotyczne i religijne. W latach 1978-79 i latach stanu wojennego 1981-83 obchody te były brutalnie rozbijane przez MO i ZOMO, a ich organizatorzy i uczestnicy represjonowani.</p>
<hr />
<p><a href="http://mieczyslaw.nieduszynski.pl/wp-content/uploads/2018/06/Pr-Rady-Min-Powołanie001.jpg"><img fetchpriority="high" decoding="async" class="alignnone size-medium wp-image-816" src="http://mieczyslaw.nieduszynski.pl/wp-content/uploads/2018/06/Pr-Rady-Min-Powołanie001-212x300.jpg" alt="" width="212" height="300" srcset="https://mieczyslaw.nieduszynski.pl/wp-content/uploads/2018/06/Pr-Rady-Min-Powołanie001-212x300.jpg 212w, https://mieczyslaw.nieduszynski.pl/wp-content/uploads/2018/06/Pr-Rady-Min-Powołanie001-768x1089.jpg 768w, https://mieczyslaw.nieduszynski.pl/wp-content/uploads/2018/06/Pr-Rady-Min-Powołanie001-722x1024.jpg 722w, https://mieczyslaw.nieduszynski.pl/wp-content/uploads/2018/06/Pr-Rady-Min-Powołanie001.jpg 1626w" sizes="(max-width: 212px) 100vw, 212px" /></a></p>
<p><strong>Powołanie w skład Rady Ochrony Pamięci Walk i Męczeństwa przez Prezesa Rady Ministrów Tadeusza Mazowieckiego w 1990 r.</strong></p>
