{"id":754,"date":"2018-06-13T14:39:13","date_gmt":"2018-06-13T12:39:13","guid":{"rendered":"http:\/\/mieczyslaw.nieduszynski.pl\/?page_id=754"},"modified":"2018-07-16T18:41:25","modified_gmt":"2018-07-16T16:41:25","slug":"rodzina-rodzin","status":"publish","type":"page","link":"https:\/\/mieczyslaw.nieduszynski.pl\/?page_id=754","title":{"rendered":"Rodzina Rodzin"},"content":{"rendered":"<p>Ruch Apostolski Rodziny Rodzin powsta\u0142 w 1952 r. Za\u0142o\u017cycielem Rodziny Rodzin by\u0142 Kardyna\u0142 Stefan Wyszy\u0144ski \u2013 Prymas Polski, z udzia\u0142em Marii Oko\u0144skiej oraz Marii Wantowskiej za\u0142o\u017cycielki i cz\u0142onkini Instytutu Prymasowskiego.<\/p>\n<p>G\u0142\u00f3wne elementy duchowo\u015bci Rodziny Rodzin to:\u00a0<strong>eklezjalno\u015b\u0107, maryjno\u015b\u0107, polsko\u015b\u0107, rodzinno\u015b\u0107.<\/strong><\/p>\n<p>Cel istnienia Rodziny Rodzin sformu\u0142owany przez Prymasa Tysi\u0105clecia: <strong>\u201eWychowanie rodzin chrze\u015bcija\u0144skich do wiernej mi\u0142o\u015bci ma\u0142\u017ce\u0144skiej, do ofiarnego rodzicielstwa, do wzajemnej pomocy mi\u0119dzy rodzinami.\u201d<\/strong><\/p>\n<p>W ramach dzia\u0142a\u0144 Rodziny Rodzin organizowane by\u0142y spotkania formacyjne w ko\u015bcio\u0142ach jak r\u00f3wnie\u017c wyjazdy kolonijne dla dzieci i m\u0142odzie\u017cy.<\/p>\n<p>Ca\u0142a rodzina Profesora uczestniczy\u0142a w tej organizacji co mia\u0142o wielkie znaczenie formacyjne szczeg\u00f3lnie dla dzieci.<\/p>\n","protected":false},"excerpt":{"rendered":"<p>Ruch Apostolski Rodziny Rodzin powsta\u0142 w 1952 r. Za\u0142o\u017cycielem Rodziny Rodzin by\u0142 Kardyna\u0142 Stefan Wyszy\u0144ski \u2013 Prymas Polski, z udzia\u0142em Marii Oko\u0144skiej oraz Marii Wantowskiej za\u0142o\u017cycielki i cz\u0142onkini Instytutu Prymasowskiego. G\u0142\u00f3wne elementy duchowo\u015bci Rodziny Rodzin to:\u00a0eklezjalno\u015b\u0107, maryjno\u015b\u0107, polsko\u015b\u0107, rodzinno\u015b\u0107. Cel istnienia Rodziny Rodzin sformu\u0142owany przez Prymasa Tysi\u0105clecia: \u201eWychowanie rodzin chrze\u015bcija\u0144skich do wiernej mi\u0142o\u015bci ma\u0142\u017ce\u0144skiej, do &hellip; <\/p>\n<p class=\"link-more\"><a href=\"https:\/\/mieczyslaw.nieduszynski.pl\/?page_id=754\" class=\"more-link\">Czytaj dalej<span class=\"screen-reader-text\"> \u201eRodzina Rodzin\u201d<\/span><\/a><\/p>\n","protected":false},"author":2,"featured_media":0,"parent":0,"menu_order":0,"comment_status":"closed","ping_status":"closed","template":"","meta":{"_crdt_document":"","footnotes":""},"class_list":["post-754","page","type-page","status-publish","hentry"],"_links":{"self":[{"href":"https:\/\/mieczyslaw.nieduszynski.pl\/index.php?rest_route=\/wp\/v2\/pages\/754","targetHints":{"allow":["GET"]}}],"collection":[{"href":"https:\/\/mieczyslaw.nieduszynski.pl\/index.php?rest_route=\/wp\/v2\/pages"}],"about":[{"href":"https:\/\/mieczyslaw.nieduszynski.pl\/index.php?rest_route=\/wp\/v2\/types\/page"}],"author":[{"embeddable":true,"href":"https:\/\/mieczyslaw.nieduszynski.pl\/index.php?rest_route=\/wp\/v2\/users\/2"}],"replies":[{"embeddable":true,"href":"https:\/\/mieczyslaw.nieduszynski.pl\/index.php?rest_route=%2Fwp%2Fv2%2Fcomments&post=754"}],"version-history":[{"count":10,"href":"https:\/\/mieczyslaw.nieduszynski.pl\/index.php?rest_route=\/wp\/v2\/pages\/754\/revisions"}],"predecessor-version":[{"id":1116,"href":"https:\/\/mieczyslaw.nieduszynski.pl\/index.php?rest_route=\/wp\/v2\/pages\/754\/revisions\/1116"}],"wp:attachment":[{"href":"https:\/\/mieczyslaw.nieduszynski.pl\/index.php?rest_route=%2Fwp%2Fv2%2Fmedia&parent=754"}],"curies":[{"name":"wp","href":"https:\/\/api.w.org\/{rel}","templated":true}]}}

<p>Ruch Apostolski Rodziny Rodzin powstał w 1952 r. Założycielem Rodziny Rodzin był Kardynał Stefan Wyszyński – Prymas Polski, z udziałem Marii Okońskiej oraz Marii Wantowskiej założycielki i członkini Instytutu Prymasowskiego.</p>
<p>Główne elementy duchowości Rodziny Rodzin to: <strong>eklezjalność, maryjność, polskość, rodzinność.</strong></p>
<p>Cel istnienia Rodziny Rodzin sformułowany przez Prymasa Tysiąclecia: <strong>„Wychowanie rodzin chrześcijańskich do wiernej miłości małżeńskiej, do ofiarnego rodzicielstwa, do wzajemnej pomocy między rodzinami.”</strong></p>
<p>W ramach działań Rodziny Rodzin organizowane były spotkania formacyjne w kościołach jak również wyjazdy kolonijne dla dzieci i młodzieży.</p>
<p>Cała rodzina Profesora uczestniczyła w tej organizacji co miało wielkie znaczenie formacyjne szczególnie dla dzieci.</p>

<p>Ruch Apostolski Rodziny Rodzin powstał w 1952 r. Założycielem Rodziny Rodzin był Kardynał Stefan Wyszyński – Prymas Polski, z udziałem Marii Okońskiej oraz Marii Wantowskiej założycielki i członkini Instytutu Prymasowskiego. Główne elementy duchowości Rodziny Rodzin to: eklezjalność, maryjność, polskość, rodzinność. Cel istnienia Rodziny Rodzin sformułowany przez Prymasa Tysiąclecia: „Wychowanie rodzin chrześcijańskich do wiernej miłości małżeńskiej, do &hellip; </p>
<p class="link-more"><a href="https://mieczyslaw.nieduszynski.pl/?page_id=754" class="more-link">Czytaj dalej<span class="screen-reader-text"> „Rodzina Rodzin”</span></a></p>
