{"id":50,"date":"2018-05-14T17:56:29","date_gmt":"2018-05-14T15:56:29","guid":{"rendered":"http:\/\/mieczyslaw.nieduszynski.pl\/?page_id=50"},"modified":"2020-11-04T05:53:19","modified_gmt":"2020-11-04T04:53:19","slug":"zyciorys","status":"publish","type":"page","link":"https:\/\/mieczyslaw.nieduszynski.pl\/","title":{"rendered":"PROF. DR HAB. MIECZYS\u0141AW\u00a0NIEDUSZY\u0143SKI\u00a0(1914-1991)"},"content":{"rendered":"\r\n<p><strong>\u017byciorys<\/strong><\/p>\r\n<p><a href=\"http:\/\/mieczyslaw.nieduszynski.pl\/wp-content\/uploads\/2018\/06\/Zdjecie-legitymacyjne001.jpg\"><img fetchpriority=\"high\" decoding=\"async\" class=\" wp-image-853 alignleft\" src=\"http:\/\/mieczyslaw.nieduszynski.pl\/wp-content\/uploads\/2018\/06\/Zdjecie-legitymacyjne001-229x300.jpg\" alt=\"\" width=\"205\" height=\"269\" srcset=\"https:\/\/mieczyslaw.nieduszynski.pl\/wp-content\/uploads\/2018\/06\/Zdjecie-legitymacyjne001-229x300.jpg 229w, https:\/\/mieczyslaw.nieduszynski.pl\/wp-content\/uploads\/2018\/06\/Zdjecie-legitymacyjne001-768x1006.jpg 768w, https:\/\/mieczyslaw.nieduszynski.pl\/wp-content\/uploads\/2018\/06\/Zdjecie-legitymacyjne001-781x1024.jpg 781w, https:\/\/mieczyslaw.nieduszynski.pl\/wp-content\/uploads\/2018\/06\/Zdjecie-legitymacyjne001.jpg 899w\" sizes=\"(max-width: 205px) 100vw, 205px\" \/><\/a>Urodzi\u0142 si\u0119 31 grudnia 1914 r. we Lwowie w rodzinie ziemia\u0144skiej jako syn Czes\u0142awa i Stanis\u0142awy z domu Jakubskiej. Po uko\u0144czeniu gimnazjum klasycznego im. Jana D\u0142ugosza rozpocz\u0105\u0142 w 1934 r. studia na Uniwersytecie Lwowskim im. Jana Kazimierza. Studiowa\u0142 r\u00f3wnocze\u015bnie prawo i ekonomi\u0119. Po uko\u0144czeniu uniwersytetu rozpocz\u0105\u0142 prac\u0119 naukow\u0105, pod kierunkiem prof. ekonomii Stanis\u0142awa Grabskiego. Wybuch wojny przerwa\u0142 pisanie pracy doktorskiej.<\/p>\r\n<p>W czasie II wojny \u015bwiatowej by\u0142 cz\u0142onkiem konspiracyjnych organizacji wojskowych we Lwowie: Polskiej Organizacji Walki o Wolno\u015b\u0107 (POWW\u2013POW2), S\u0142u\u017cby Zwyci\u0119stwo Polski (SZP), podziemnego harcerstwa oraz Zwi\u0105zku Walki Zbrojnej Armii Krajowej (ZWZ-AK).<\/p>\r\n<p>W 1940 r. po nieudanej ucieczce na Zach\u00f3d zosta\u0142 aresztowany przez NKWD, by\u0142 przetrzymywany m.in. w wi\u0119zieniach Stanis\u0142awowa i Lwowa. Od \u015bmierci uratowa\u0142o go wycofanie si\u0119 Rosjan przed wej\u015bciem wojsk niemieckich. Ukrywa\u0142 si\u0119 we Lwowie przed Niemcami m.in. pracuj\u0105c w Instytucie Przeciw Tyfusowym prof. Weigla. Przedosta\u0142 si\u0119 do Warszawy\u00a0 pod zmienionym nazwiskiem Maksymilian Grzeli\u0144ski w maju 1943 r. Aresztowany w czasie \u0142apanki ulicznej jest wi\u0119ziony na Szucha, na Pawiaku i w obozie przy ul. G\u0119siej. Nierozpoznany zostaje zwolniony w marcu 1944 r. i do wybuchu powstania zajmuje si\u0119 kolporta\u017cem prasy konspiracyjnej.<\/p>\r\n<p>Zg\u0142osi\u0142 si\u0119 jako ochotnik do Powstania. Walczy\u0142 pod ps. \u201eBoles\u0142aw\u201d w 8 kompanii Batalionu \u201eKili\u0144ski\u201d. Broni\u0142 s\u0142ynnej barykady w Al. Jerozolimskich, bra\u0142 udzia\u0142 w zdobywaniu PAST-y i na kolejnej plac\u00f3wce przy ul. Bagatela 17 zostaje ci\u0119\u017cko ranny i trafia do szpitala powsta\u0144czego. Wyszed\u0142 za zgod\u0105 dow\u00f3dztwa, z przysz\u0142\u0105 \u017con\u0105 Mari\u0105 Prze\u017adzieck\u0105, z ludno\u015bci\u0105 cywiln\u0105 do obozu w Pruszkowie i w Piotrkowie Trybunalskim gdzie uciekli z transportu.<\/p>\r\n<p>Po 1945 r. organizowa\u0142 katedr\u0119 ekonomii na Wydziale Prawa Uniwersytetu Warszawskiego. Jednak w 1949 r.zosta\u0142 z przyczyn politycznych usuni\u0119ty z uczelni. Zd\u0105\u017cy\u0142 jednak u prof. Stefana Zaleskiego obroni\u0107 prac\u0119 doktorsk\u0105 pt. \u201eS\u0142uszna cena\u201d. Nast\u0119pnie pracowa\u0142 kolejno w Zarz\u0105dzie G\u0142\u00f3wnym Polskiego Czerwonego Krzy\u017ca, w Centralnym Urz\u0119dzie Planowania (tak\u017ce wyrzucony), w Ministerstwie Skarbu, w Polskiej Akademii Nauk, w Centrum Obliczeniowym PAN, w Instytucie Finans\u00f3w przy resorcie finans\u00f3w i r\u00f3wnolegle wyk\u0142ada\u0142 ekonomi\u0119 na Akademii Teologii Katolickiej.<\/p>\r\n<p>Pomimo szykan nie zrezygnowa\u0142 z pracy naukowej, zaj\u0105\u0142 si\u0119 ekonometri\u0105, (by\u0142a to dziedzina ekonomii nie poddana tak silnej presji ideologicznej). Jego pierwsza rozprawa habilitacyjna \u201eTeorie warto\u015bci i ceny\u201d zosta\u0142a skierowana wprost z drukarni na przemia\u0142. W 1972 r. po napisaniu drugiej pracy pod tym samym tytu\u0142em otrzyma\u0142 w Wy\u017cszej Szkole Ekonomicznej w Krakowie stopie\u0144 doktora habilitowanego i w 1976 r. przyznano mu tytu\u0142 profesora nadzwyczajnego nauk ekonomicznych.<\/p>\r\n<p>Uczestniczy\u0142 w \u017cyciu spo\u0142eczno-politycznym. W 1956 r. skutecznie obroni\u0142 krzy\u017ce w\u00a0 Szkole Podstawowej Nr 41 przy ul. Bednarskiej 1 do kt\u00f3rej ucz\u0119szcza\u0142a tr\u00f3jka jego dzieci, gdy w\u0142adze komunistyczne chcia\u0142y je usun\u0105\u0107 po przemianach &#8222;pa\u017adziernikowych&#8221;. W 1954 r. wst\u0105pi\u0142 do Archikonfraterni Literackiej, istniej\u0105cej przy katedrze \u015bw. Jana w Warszawie. By\u0142 jej wieloletnim seniorem (1970-1991).<\/p>\r\n<p>Wsp\u00f3\u0142pracowa\u0142 z hierarchami i wieloma wybitnymi postaciami Ko\u015bcio\u0142a Katolickiego. Pod auspicjami Archikonfraterni Literackiej zorganizowa\u0142 ponad 100 opozycyjnych wyk\u0142ad\u00f3w w ca\u0142ej Polsce i wydawa\u0142 \u201eZeszyty Studium Spo\u0142ecznej Nauki Ko\u015bcio\u0142a\u201d drukowane w Wydziale Duszpasterskim Kurii Warszawskiej i Kurii Kieleckiej. \u0141\u0105cznie dzi\u0119ki jego inicjatywie wydano 17 zeszyt\u00f3w, poza cenzur\u0105 pa\u0144stwow\u0105 oraz wiele Zeszyt\u00f3w Specjalnych.<\/p>\r\n<p>Profesor Mieczys\u0142aw Nieduszy\u0144ski uczestniczy\u0142 w tworzeniu i w pracach wielu organizacji klub\u00f3w i komitet\u00f3w niepodleg\u0142o\u015bciowych. Za\u0142o\u017cy\u0142 parti\u0119 polityczn\u0105 Zwi\u0105zek Wolnych Polak\u00f3w w 1979 r., by\u0142 wsp\u00f3\u0142za\u0142o\u017cycielem Klub\u00f3w S\u0142u\u017cby Niepodleg\u0142o\u015bci, cz\u0142onkiem Rady Programowej Stronnictwa Wierno\u015bci Rzeczpospolitej \u2013 KSN, Komitetu Katy\u0144skiego, Komitetu Obywatelskiego przy przewodnicz\u0105cym NSZZ Solidarno\u015b\u0107. W stanie wojennym by\u0142 cz\u0142onkiem w\u0142adz podziemnego Kongresu Solidarno\u015bci Narodu. By\u0142 cz\u0142onkiem Za\u0142o\u017cycielem Niezale\u017cnego Komitetu Historycznego Badania Zbrodni Katy\u0144skiej i Polskiej Fundacji Katy\u0144skiej (wraz z Bo\u017cen\u0105 \u0141ojek i Janem Olszewskim). W 1988 r. by\u0142 powo\u0142any do Ko\u015bcielnego Komitetu Honorowego 70-lecia Niepodleg\u0142o\u015bci Polski. W 1989 r. zosta\u0142 wsp\u00f3\u0142za\u0142o\u017cycielem Komitetu Odrodzenia Harcerstwa Polskiego. W 1990 r. zosta\u0142 powo\u0142any do Rady Ochrony Pami\u0119ci Walk i M\u0119cze\u0144stwa.<\/p>\r\n<p>W roku 1978 wystosowa\u0142 list otwarty do przewodnicz\u0105cego Rady Pa\u0144stwa Henryka Jab\u0142o\u0144skiego, w kt\u00f3rym podda\u0142 krytycznej analizie szkodliwe dzia\u0142ania rz\u0105d\u00f3w komunistycznych w dziedzinie spo\u0142ecznej i ekonomicznej. W konsekwencji zosta\u0142 usuni\u0119ty z pracy. W roku 1984 przygotowa\u0142 otwarty list protestacyjny do \u00f3wczesnych w\u0142adz pa\u0144stwowych, w\u0142asnor\u0119cznie podpisany, wskazuj\u0105cy na fataln\u0105 sytuacj\u0119 ekonomiczn\u0105 kraju. Bior\u0105c pod uwag\u0119 powa\u017cne represje z wi\u0119zieniem w\u0142\u0105cznie, upublicznienie tekstu listu by\u0142o aktem jego szczeg\u00f3lnej odwagi, ale i odpowiedzialno\u015bci za zniewolon\u0105 sowietyzacj\u0105 i ateizacj\u0105 Ojczyzn\u0119. Przygotowany artyku\u0142 o tej tematyce nie ukaza\u0142 si\u0119 w Tygodniku Solidarno\u015b\u0107, nie dzia\u0142a\u0142a ju\u017c cenzura, ale zacz\u0105\u0142 dzia\u0142a\u0107\u00a0 ju\u017c uk\u0142ad magdalenkowy.<\/p>\r\n<p>By\u0142 wsp\u00f3\u0142za\u0142o\u017cycielem Niezale\u017cnego Ruchu Chrze\u015bcija\u0144sko-Spo\u0142ecznego po 1989 r. i krytykowa\u0142 z\u0142e kierunki reform Balcerowicza kt\u00f3re zak\u0142ada\u0142y, \u017ce gospodarka polska jest mas\u0105 upad\u0142o\u015bciow\u0105. Ostrzega\u0142 przed recesj\u0105, jako jednym z najgro\u017aniejszych wrog\u00f3w gospodarki. By\u0142 za uczciw\u0105 prywatyzacj\u0105 i tworzeniem akcjonariatu pracowniczego, rozwoju ma\u0142ych i \u015brednich przedsi\u0119biorstw oraz ochron\u0105 polskiego rolnictwa. By\u0142 za r\u00f3wnowag\u0105 ekonomiczn\u0105, harmonijnym rozwojem spo\u0142ecznym. Podkre\u015bla\u0142, \u017ce fiskalne jednokierunkowe dzia\u0142ania ekonomiczne s\u0105 szkodliwe. Wskazywa\u0142 na wielk\u0105 rol\u0119 etyki w ekonomii.<\/p>\r\n<p>By\u0142 \u017conaty, mia\u0142 troje dzieci. Przez wiele lat mieszka\u0142 przy ul. Dobrej w Warszawie. Zmar\u0142 w Warszawie 20 pa\u017adziernika 1991 r. po d\u0142ugiej chorobie nowotworowej. Zosta\u0142 pochowany na Starych Pow\u0105zkach w Warszawie (17-IV-2).<\/p>\r\n<hr \/>\r\n<p><strong>Mowy pogrzebowe wyg\u0142oszone w czasie uroczysto\u015bci na Pow\u0105zkach<\/strong><\/p>\r\n<p><a href=\"wp-content\/uploads\/2018\/06\/Mowa-pogrzebowa-Kozicki001.pdf\">Mowa pogrzebowa Leopolda Kozickiego wice-seniora\u00a0 Archikonfraterni Literackiej &#8211; pdf<\/a><\/p>\r\n<p><a href=\"wp-content\/uploads\/2018\/06\/Mowa-pogrzebowa-maj-Bienaszewskiego.pdf\">Mowa pogrzebowa majora Antoniego Bienaszewskiego\u00a0 dow\u00f3dcy III plut. VIII kom. batalionu &#8222;Kili\u0144ski&#8221; &#8211; pdf<\/a><\/p>\r\n<hr \/>\r\n<p><strong>Odznaczenia:<\/strong><\/p>\r\n<p>Medal Wojska 1, 2, 3 i 4 klasy \u2013 odznaczenie rz\u0105du londy\u0144skiego \u2013 1948 r.<\/p>\r\n<p>10-lecie Polski Ludowej &#8211; 1955 r.<\/p>\r\n<p>Papieskie odznaczenie Bene Merenti \u2013 1969 r.<\/p>\r\n<p>Medal Wierno\u015bci \u017bo\u0142nierskiej &#8211; 1985 r.<\/p>\r\n<p>Krzy\u017c Komandorski Orderu Odrodzenia Polski \u2013 1991 r.\u00a0 &#8211; po\u015bmiertnie<\/p>\r\n<p>Krzy\u017c Armii Krajowej &#8211; 1994 r. &#8211; po\u015bmiertnie<\/p>\r\n<p>Krzy\u017c Powstania Warszawskiego<\/p>\r\n<p>Odznaczenia Batalionu \u201eKili\u0144ski\u201d<\/p>\r\n<p>&nbsp;<\/p>\r\n<hr \/>\r\n<p><strong>\u00a0Spis uczestnik\u00f3w Powstania 1944 r. na stronie\u00a0<\/strong><strong>Muzeum Powstania Warszawskiego<\/strong><\/p>\r\n<p><a href=\"#_ftnref1\" name=\"_ftn1\"><\/a><\/p>\r\n<p><\/p>","protected":false},"excerpt":{"rendered":"","protected":false},"author":2,"featured_media":0,"parent":0,"menu_order":1,"comment_status":"closed","ping_status":"closed","template":"","meta":{"_crdt_document":"","footnotes":""},"class_list":["post-50","page","type-page","status-publish","hentry"],"_links":{"self":[{"href":"https:\/\/mieczyslaw.nieduszynski.pl\/index.php?rest_route=\/wp\/v2\/pages\/50","targetHints":{"allow":["GET"]}}],"collection":[{"href":"https:\/\/mieczyslaw.nieduszynski.pl\/index.php?rest_route=\/wp\/v2\/pages"}],"about":[{"href":"https:\/\/mieczyslaw.nieduszynski.pl\/index.php?rest_route=\/wp\/v2\/types\/page"}],"author":[{"embeddable":true,"href":"https:\/\/mieczyslaw.nieduszynski.pl\/index.php?rest_route=\/wp\/v2\/users\/2"}],"replies":[{"embeddable":true,"href":"https:\/\/mieczyslaw.nieduszynski.pl\/index.php?rest_route=%2Fwp%2Fv2%2Fcomments&post=50"}],"version-history":[{"count":80,"href":"https:\/\/mieczyslaw.nieduszynski.pl\/index.php?rest_route=\/wp\/v2\/pages\/50\/revisions"}],"predecessor-version":[{"id":1156,"href":"https:\/\/mieczyslaw.nieduszynski.pl\/index.php?rest_route=\/wp\/v2\/pages\/50\/revisions\/1156"}],"wp:attachment":[{"href":"https:\/\/mieczyslaw.nieduszynski.pl\/index.php?rest_route=%2Fwp%2Fv2%2Fmedia&parent=50"}],"curies":[{"name":"wp","href":"https:\/\/api.w.org\/{rel}","templated":true}]}}

PROF. DR HAB. MIECZYSŁAW NIEDUSZYŃSKI (1914-1991)

<p><strong>Życiorys</strong></p>
<p><a href="http://mieczyslaw.nieduszynski.pl/wp-content/uploads/2018/06/Zdjecie-legitymacyjne001.jpg"><img fetchpriority="high" decoding="async" class=" wp-image-853 alignleft" src="http://mieczyslaw.nieduszynski.pl/wp-content/uploads/2018/06/Zdjecie-legitymacyjne001-229x300.jpg" alt="" width="205" height="269" srcset="https://mieczyslaw.nieduszynski.pl/wp-content/uploads/2018/06/Zdjecie-legitymacyjne001-229x300.jpg 229w, https://mieczyslaw.nieduszynski.pl/wp-content/uploads/2018/06/Zdjecie-legitymacyjne001-768x1006.jpg 768w, https://mieczyslaw.nieduszynski.pl/wp-content/uploads/2018/06/Zdjecie-legitymacyjne001-781x1024.jpg 781w, https://mieczyslaw.nieduszynski.pl/wp-content/uploads/2018/06/Zdjecie-legitymacyjne001.jpg 899w" sizes="(max-width: 205px) 100vw, 205px" /></a>Urodził się 31 grudnia 1914 r. we Lwowie w rodzinie ziemiańskiej jako syn Czesława i Stanisławy z domu Jakubskiej. Po ukończeniu gimnazjum klasycznego im. Jana Długosza rozpoczął w 1934 r. studia na Uniwersytecie Lwowskim im. Jana Kazimierza. Studiował równocześnie prawo i ekonomię. Po ukończeniu uniwersytetu rozpoczął pracę naukową, pod kierunkiem prof. ekonomii Stanisława Grabskiego. Wybuch wojny przerwał pisanie pracy doktorskiej.</p>
<p>W czasie II wojny światowej był członkiem konspiracyjnych organizacji wojskowych we Lwowie: Polskiej Organizacji Walki o Wolność (POWW–POW2), Służby Zwycięstwo Polski (SZP), podziemnego harcerstwa oraz Związku Walki Zbrojnej Armii Krajowej (ZWZ-AK).</p>
<p>W 1940 r. po nieudanej ucieczce na Zachód został aresztowany przez NKWD, był przetrzymywany m.in. w więzieniach Stanisławowa i Lwowa. Od śmierci uratowało go wycofanie się Rosjan przed wejściem wojsk niemieckich. Ukrywał się we Lwowie przed Niemcami m.in. pracując w Instytucie Przeciw Tyfusowym prof. Weigla. Przedostał się do Warszawy  pod zmienionym nazwiskiem Maksymilian Grzeliński w maju 1943 r. Aresztowany w czasie łapanki ulicznej jest więziony na Szucha, na Pawiaku i w obozie przy ul. Gęsiej. Nierozpoznany zostaje zwolniony w marcu 1944 r. i do wybuchu powstania zajmuje się kolportażem prasy konspiracyjnej.</p>
<p>Zgłosił się jako ochotnik do Powstania. Walczył pod ps. „Bolesław” w 8 kompanii Batalionu „Kiliński”. Bronił słynnej barykady w Al. Jerozolimskich, brał udział w zdobywaniu PAST-y i na kolejnej placówce przy ul. Bagatela 17 zostaje ciężko ranny i trafia do szpitala powstańczego. Wyszedł za zgodą dowództwa, z przyszłą żoną Marią Przeździecką, z ludnością cywilną do obozu w Pruszkowie i w Piotrkowie Trybunalskim gdzie uciekli z transportu.</p>
<p>Po 1945 r. organizował katedrę ekonomii na Wydziale Prawa Uniwersytetu Warszawskiego. Jednak w 1949 r.został z przyczyn politycznych usunięty z uczelni. Zdążył jednak u prof. Stefana Zaleskiego obronić pracę doktorską pt. „Słuszna cena”. Następnie pracował kolejno w Zarządzie Głównym Polskiego Czerwonego Krzyża, w Centralnym Urzędzie Planowania (także wyrzucony), w Ministerstwie Skarbu, w Polskiej Akademii Nauk, w Centrum Obliczeniowym PAN, w Instytucie Finansów przy resorcie finansów i równolegle wykładał ekonomię na Akademii Teologii Katolickiej.</p>
<p>Pomimo szykan nie zrezygnował z pracy naukowej, zajął się ekonometrią, (była to dziedzina ekonomii nie poddana tak silnej presji ideologicznej). Jego pierwsza rozprawa habilitacyjna „Teorie wartości i ceny” została skierowana wprost z drukarni na przemiał. W 1972 r. po napisaniu drugiej pracy pod tym samym tytułem otrzymał w Wyższej Szkole Ekonomicznej w Krakowie stopień doktora habilitowanego i w 1976 r. przyznano mu tytuł profesora nadzwyczajnego nauk ekonomicznych.</p>
<p>Uczestniczył w życiu społeczno-politycznym. W 1956 r. skutecznie obronił krzyże w  Szkole Podstawowej Nr 41 przy ul. Bednarskiej 1 do której uczęszczała trójka jego dzieci, gdy władze komunistyczne chciały je usunąć po przemianach &#8222;październikowych&#8221;. W 1954 r. wstąpił do Archikonfraterni Literackiej, istniejącej przy katedrze św. Jana w Warszawie. Był jej wieloletnim seniorem (1970-1991).</p>
<p>Współpracował z hierarchami i wieloma wybitnymi postaciami Kościoła Katolickiego. Pod auspicjami Archikonfraterni Literackiej zorganizował ponad 100 opozycyjnych wykładów w całej Polsce i wydawał „Zeszyty Studium Społecznej Nauki Kościoła” drukowane w Wydziale Duszpasterskim Kurii Warszawskiej i Kurii Kieleckiej. Łącznie dzięki jego inicjatywie wydano 17 zeszytów, poza cenzurą państwową oraz wiele Zeszytów Specjalnych.</p>
<p>Profesor Mieczysław Nieduszyński uczestniczył w tworzeniu i w pracach wielu organizacji klubów i komitetów niepodległościowych. Założył partię polityczną Związek Wolnych Polaków w 1979 r., był współzałożycielem Klubów Służby Niepodległości, członkiem Rady Programowej Stronnictwa Wierności Rzeczpospolitej – KSN, Komitetu Katyńskiego, Komitetu Obywatelskiego przy przewodniczącym NSZZ Solidarność. W stanie wojennym był członkiem władz podziemnego Kongresu Solidarności Narodu. Był członkiem Założycielem Niezależnego Komitetu Historycznego Badania Zbrodni Katyńskiej i Polskiej Fundacji Katyńskiej (wraz z Bożeną Łojek i Janem Olszewskim). W 1988 r. był powołany do Kościelnego Komitetu Honorowego 70-lecia Niepodległości Polski. W 1989 r. został współzałożycielem Komitetu Odrodzenia Harcerstwa Polskiego. W 1990 r. został powołany do Rady Ochrony Pamięci Walk i Męczeństwa.</p>
<p>W roku 1978 wystosował list otwarty do przewodniczącego Rady Państwa Henryka Jabłońskiego, w którym poddał krytycznej analizie szkodliwe działania rządów komunistycznych w dziedzinie społecznej i ekonomicznej. W konsekwencji został usunięty z pracy. W roku 1984 przygotował otwarty list protestacyjny do ówczesnych władz państwowych, własnoręcznie podpisany, wskazujący na fatalną sytuację ekonomiczną kraju. Biorąc pod uwagę poważne represje z więzieniem włącznie, upublicznienie tekstu listu było aktem jego szczególnej odwagi, ale i odpowiedzialności za zniewoloną sowietyzacją i ateizacją Ojczyznę. Przygotowany artykuł o tej tematyce nie ukazał się w Tygodniku Solidarność, nie działała już cenzura, ale zaczął działać  już układ magdalenkowy.</p>
<p>Był współzałożycielem Niezależnego Ruchu Chrześcijańsko-Społecznego po 1989 r. i krytykował złe kierunki reform Balcerowicza które zakładały, że gospodarka polska jest masą upadłościową. Ostrzegał przed recesją, jako jednym z najgroźniejszych wrogów gospodarki. Był za uczciwą prywatyzacją i tworzeniem akcjonariatu pracowniczego, rozwoju małych i średnich przedsiębiorstw oraz ochroną polskiego rolnictwa. Był za równowagą ekonomiczną, harmonijnym rozwojem społecznym. Podkreślał, że fiskalne jednokierunkowe działania ekonomiczne są szkodliwe. Wskazywał na wielką rolę etyki w ekonomii.</p>
<p>Był żonaty, miał troje dzieci. Przez wiele lat mieszkał przy ul. Dobrej w Warszawie. Zmarł w Warszawie 20 października 1991 r. po długiej chorobie nowotworowej. Został pochowany na Starych Powązkach w Warszawie (17-IV-2).</p>
<hr />
<p><strong>Mowy pogrzebowe wygłoszone w czasie uroczystości na Powązkach</strong></p>
<p><a href="wp-content/uploads/2018/06/Mowa-pogrzebowa-Kozicki001.pdf">Mowa pogrzebowa Leopolda Kozickiego wice-seniora  Archikonfraterni Literackiej &#8211; pdf</a></p>
<p><a href="wp-content/uploads/2018/06/Mowa-pogrzebowa-maj-Bienaszewskiego.pdf">Mowa pogrzebowa majora Antoniego Bienaszewskiego  dowódcy III plut. VIII kom. batalionu &#8222;Kiliński&#8221; &#8211; pdf</a></p>
<hr />
<p><strong>Odznaczenia:</strong></p>
<p>Medal Wojska 1, 2, 3 i 4 klasy – odznaczenie rządu londyńskiego – 1948 r.</p>
<p>10-lecie Polski Ludowej &#8211; 1955 r.</p>
<p>Papieskie odznaczenie Bene Merenti – 1969 r.</p>
<p>Medal Wierności Żołnierskiej &#8211; 1985 r.</p>
<p>Krzyż Komandorski Orderu Odrodzenia Polski – 1991 r.  &#8211; pośmiertnie</p>
<p>Krzyż Armii Krajowej &#8211; 1994 r. &#8211; pośmiertnie</p>
<p>Krzyż Powstania Warszawskiego</p>
<p>Odznaczenia Batalionu „Kiliński”</p>
<p>&nbsp;</p>
<hr />
<p><strong> Spis uczestników Powstania 1944 r. na stronie </strong><strong>Muzeum Powstania Warszawskiego</strong></p>
<p><a href="#_ftnref1" name="_ftn1"></a></p>
<p></p>
