{"id":118,"date":"2018-05-16T17:37:46","date_gmt":"2018-05-16T15:37:46","guid":{"rendered":"http:\/\/mieczyslaw.nieduszynski.pl\/?page_id=118"},"modified":"2020-08-08T15:28:50","modified_gmt":"2020-08-08T13:28:50","slug":"religijna","status":"publish","type":"page","link":"https:\/\/mieczyslaw.nieduszynski.pl\/?page_id=118","title":{"rendered":"Dzia\u0142alno\u015b\u0107 Religijna i Spo\u0142eczna"},"content":{"rendered":"<p><strong>Walka o pozostawienie Krzy\u017cy w szko\u0142ach w latach 1956-1958 r.<\/strong><\/p>\n<p>Zaraz po prze\u0142omie 1956 roku Komitet Rodzicielski pod przewodnictwem dr Mieczys\u0142awa Nieduszy\u0144skiego (wtedy by\u0142 naczelnikiem w Polskiej Akademii Nauk), uchwa\u0142\u0105 zdecydowa\u0142 o zawieszeniu krzy\u017cy w salach lekcyjnych. Komitet Rodzicielski sfinansowa\u0142 zakup krzy\u017cy. Trzeba nadmieni\u0107, \u017ce szko\u0142a ta by\u0142a tak zwana TPD (Towarzystwo Przyjaci\u00f3\u0142 Dzieci &#8211; organizacja ateistyczna). Oczywi\u015bcie dosz\u0142o do konfliktu z dyrektorem szko\u0142y. W konsekwencji dosz\u0142o do spotkania delegacji Komitetu Rodzicielskiego z wiceministrem edukacji. Na burzliwym spotkaniu niepo\u015bledni\u0105 rol\u0119 odegra\u0142 rodzi\u0107 robotnik z \u017berania, kt\u00f3ry zagrozi\u0142, \u017ce sprowadzi robotnik\u00f3w z \u017berania pod ministerstwo. By\u0107 mo\u017ce ten argument by\u0142 przewa\u017caj\u0105cy bo zostawiono krzy\u017ce jeszcze przez dwa lata. W\u0142adza w konsekwencji ugi\u0119\u0142a si\u0119 i krzy\u017ce wisia\u0142y do 1958 r. kiedy pod pretekstem remontu zdj\u0119to je i ju\u017c nie powr\u00f3ci\u0142y do klas szkolnych. Po jakim\u015b czasie zwr\u00f3cono krzy\u017ce, kt\u00f3re zosta\u0142y zaniesione do Archikatedry \u015aw. Jana na Starym Mie\u015bcie.<\/p>\n<p>\u201eOstateczne rozwi\u0105zanie\u201d sprawy obecno\u015bci krzy\u017cy w szko\u0142ach przyni\u00f3s\u0142 wydany przez Gomu\u0142k\u0119 w 04.08.1958 r. \u201eOk\u00f3lnik w sprawie przestrzegania \u015bwiecko\u015bci szko\u0142y\u201d, kt\u00f3ry w wielu miejscach w Polsce spowodowa\u0142 wzburzenie rodzic\u00f3w.<\/p>\n","protected":false},"excerpt":{"rendered":"<p>Walka o pozostawienie Krzy\u017cy w szko\u0142ach w latach 1956-1958 r. Zaraz po prze\u0142omie 1956 roku Komitet Rodzicielski pod przewodnictwem dr Mieczys\u0142awa Nieduszy\u0144skiego (wtedy by\u0142 naczelnikiem w Polskiej Akademii Nauk), uchwa\u0142\u0105 zdecydowa\u0142 o zawieszeniu krzy\u017cy w salach lekcyjnych. Komitet Rodzicielski sfinansowa\u0142 zakup krzy\u017cy. Trzeba nadmieni\u0107, \u017ce szko\u0142a ta by\u0142a tak zwana TPD (Towarzystwo Przyjaci\u00f3\u0142 Dzieci &#8211; &hellip; <\/p>\n<p class=\"link-more\"><a href=\"https:\/\/mieczyslaw.nieduszynski.pl\/?page_id=118\" class=\"more-link\">Czytaj dalej<span class=\"screen-reader-text\"> \u201eDzia\u0142alno\u015b\u0107 Religijna i Spo\u0142eczna\u201d<\/span><\/a><\/p>\n","protected":false},"author":2,"featured_media":0,"parent":0,"menu_order":5,"comment_status":"closed","ping_status":"closed","template":"","meta":{"_crdt_document":"","footnotes":""},"class_list":["post-118","page","type-page","status-publish","hentry"],"_links":{"self":[{"href":"https:\/\/mieczyslaw.nieduszynski.pl\/index.php?rest_route=\/wp\/v2\/pages\/118","targetHints":{"allow":["GET"]}}],"collection":[{"href":"https:\/\/mieczyslaw.nieduszynski.pl\/index.php?rest_route=\/wp\/v2\/pages"}],"about":[{"href":"https:\/\/mieczyslaw.nieduszynski.pl\/index.php?rest_route=\/wp\/v2\/types\/page"}],"author":[{"embeddable":true,"href":"https:\/\/mieczyslaw.nieduszynski.pl\/index.php?rest_route=\/wp\/v2\/users\/2"}],"replies":[{"embeddable":true,"href":"https:\/\/mieczyslaw.nieduszynski.pl\/index.php?rest_route=%2Fwp%2Fv2%2Fcomments&post=118"}],"version-history":[{"count":64,"href":"https:\/\/mieczyslaw.nieduszynski.pl\/index.php?rest_route=\/wp\/v2\/pages\/118\/revisions"}],"predecessor-version":[{"id":1247,"href":"https:\/\/mieczyslaw.nieduszynski.pl\/index.php?rest_route=\/wp\/v2\/pages\/118\/revisions\/1247"}],"wp:attachment":[{"href":"https:\/\/mieczyslaw.nieduszynski.pl\/index.php?rest_route=%2Fwp%2Fv2%2Fmedia&parent=118"}],"curies":[{"name":"wp","href":"https:\/\/api.w.org\/{rel}","templated":true}]}}

Działalność Religijna i Społeczna

<p><strong>Walka o pozostawienie Krzyży w szkołach w latach 1956-1958 r.</strong></p>
<p>Zaraz po przełomie 1956 roku Komitet Rodzicielski pod przewodnictwem dr Mieczysława Nieduszyńskiego (wtedy był naczelnikiem w Polskiej Akademii Nauk), uchwałą zdecydował o zawieszeniu krzyży w salach lekcyjnych. Komitet Rodzicielski sfinansował zakup krzyży. Trzeba nadmienić, że szkoła ta była tak zwana TPD (Towarzystwo Przyjaciół Dzieci &#8211; organizacja ateistyczna). Oczywiście doszło do konfliktu z dyrektorem szkoły. W konsekwencji doszło do spotkania delegacji Komitetu Rodzicielskiego z wiceministrem edukacji. Na burzliwym spotkaniu niepoślednią rolę odegrał rodzić robotnik z Żerania, który zagroził, że sprowadzi robotników z Żerania pod ministerstwo. Być może ten argument był przeważający bo zostawiono krzyże jeszcze przez dwa lata. Władza w konsekwencji ugięła się i krzyże wisiały do 1958 r. kiedy pod pretekstem remontu zdjęto je i już nie powróciły do klas szkolnych. Po jakimś czasie zwrócono krzyże, które zostały zaniesione do Archikatedry Św. Jana na Starym Mieście.</p>
<p>„Ostateczne rozwiązanie” sprawy obecności krzyży w szkołach przyniósł wydany przez Gomułkę w 04.08.1958 r. „Okólnik w sprawie przestrzegania świeckości szkoły”, który w wielu miejscach w Polsce spowodował wzburzenie rodziców.</p>

<p>Walka o pozostawienie Krzyży w szkołach w latach 1956-1958 r. Zaraz po przełomie 1956 roku Komitet Rodzicielski pod przewodnictwem dr Mieczysława Nieduszyńskiego (wtedy był naczelnikiem w Polskiej Akademii Nauk), uchwałą zdecydował o zawieszeniu krzyży w salach lekcyjnych. Komitet Rodzicielski sfinansował zakup krzyży. Trzeba nadmienić, że szkoła ta była tak zwana TPD (Towarzystwo Przyjaciół Dzieci &#8211; &hellip; </p>
<p class="link-more"><a href="https://mieczyslaw.nieduszynski.pl/?page_id=118" class="more-link">Czytaj dalej<span class="screen-reader-text"> „Działalność Religijna i Społeczna”</span></a></p>
